en 6631747 is divided by 991?
966
What is the remainder when 175711 is divided by 175321?
390
What is the remainder when 6958579 is divided by 3479105?
369
Calculate the remainder when 6198831 is divided by 19.
5
Calculate the remainder when 63092 is divided by 10500.
92
Calculate the remainder when 33683 is divided by 4669.
1000
Calculate the remainder when 232773061 is divided by 57.
52
Calculate the remainder when 2160867 is divided by 3035.
2982
Calculate the remainder when 279204 is divided by 19892.
716
Calculate the remainder when 938105 is divided by 62500.
605
What is the remainder when 638002 is divided by 7328?
466
What is the remainder when 268915245 is divided by 34?
31
What is the remainder when 14253638 is divided by 42?
14
Calculate the remainder when 30318735 is divided by 28.
27
Calculate the remainder when 345576 is divided by 2061.
1389
What is the remainder when 887464 is divided by 443723?
18
What is the remainder when 11187212 is divided by 11187117?
95
What is the remainder when 10141420 is divided by 2961?
2956
What is the remainder when 2043603 is divided by 2120?
2043
Calculate the remainder when 124681881 is divided by 31170462.
33
What is the remainder when 5589814 is divided by 28374?
136
Calculate the remainder when 23483329 is divided by 301.
212
What is the remainder when 418790 is divided by 208947?
896
What is the remainder when 827478 is divided by 274?
272
What is the remainder when 161296 is divided by 26881?
10
What is the remainder when 588260 is divided by 729?
686
What is the remainder when 1878476 is divided by 17?
10
What is the remainder when 39116 is divided by 1370?
756
Calculate the remainder when 642498 is divided by 10410.
7488
Calculate the remainder when 202240 is divided by 781.
742
What is the remainder when 447952 is divided by 111844?
576
Calculate the remainder when 731296 is divided by 365439.
418
What is the remainder when 55564 is divided by 4662?
4282
What is the remainder when 3498196 is divided by 1227?
19
What is the remainder when 4870948 is divided by 379?
40
Calculate the remainder when 7924760 is divided by 30.
20
What is the remainder when 29296493 is divided by 116?
113
Calculate the remainder when 140042 is divided by 113.
35
What is the remainder when 3828338 is divided by 61?
39
Calculate the remainder when 58846404 is divided by 2.
0
What is the remainder when 1342233 is divided by 413?
396
What is the remainder when 15731 is divided by 6972?
1787
Calculate the remainder when 130676 is divided by 783.
698
Calculate the remainder when 20264950 is divided by 2894991.
13
What is the remainder when 3519968 is divided by 293326?
56
What is the remainder when 441630223 is divided by 2335?
2333
What is the remainder when 1636546 is divided by 25?
21
Calculate the remainder when 120474 is divided by 3054.
1368
What is the remainder when 89919444 is divided by 1342081?
17
Calculate the remainder when 190764 is divided by 21122.
666
What is the remainder when 1855579 is divided by 618074?
1357
What is the remainder when 101980 is divided by 20370?
130
What is the remainder when 10855253 is divided by 130786?
15
Calculate the remainder when 58423802 is divided by 5.
2
What is the remainder when 39590 is divided by 4503?
3566
Calculate the remainder when 22807836 is divided by 61.
58
Calculate the remainder when 499458 is divided by 5148.
102
Calculate the remainder when 17864770 is divided by 225.
220
What is the remainder when 160297 is divided by 355?
192
Calculate the remainder when 90423 is divided by 6012.
243
Calculate the remainder when 110283 is divided by 22048.
43
What is the remainder when 17622899 is divided by 38?
19
What is the remainder when 3265001 is divided by 7944?
17
What is the remainder when 59617968 is divided by 88?
80
What is the remainder when 1142937 is divided by 63?
54
Calculate the remainder when 749285 is divided by 118.
103
What is the remainder when 88549 is divided by 562?
315
What is the remainder when 17131 is divided by 1629?
841
Calculate the remainder when 174648017 is divided by 30.
17
What is the remainder when 481934 is divided by 28348?
18
Calculate the remainder when 2174417 is divided by 460.
457
Calculate the remainder when 1677586 is divided by 419278.
474
What is the remainder when 12434069 is divided by 60951?
65
What is the remainder when 1724487 is divided by 1914?
1887
What is the remainder when 3191300 is divided by 1940?
0
What is the remainder when 2156212 is divided by 538410?
2572
Calculate the remainder when 1316904 is divided by 34654.
52
What is the remainder when 76995 is divided by 76943?
52
Calculate the remainder when 539213568 is divided by 27.
24
What is the remainder when 176440 is divided by 3042?
4
Calculate the remainder when 2533672 is divided by 7281.
7165
What is the remainder when 247606 is divided by 38?
36
Calculate the remainder when 13203584 is divided by 781.
779
What is the remainder when 51383 is divided by 175?
108
What is the remainder when 155905811 is divided by 19970?
21
Calculate the remainder when 14065790 is divided by 94.
6
What is the remainder when 138501 is divided by 289?
70
What is the remainder when 788310 is divided by 216?
126
What is the remainder when 368016 is divided by 261?
6
What is the remainder when 9393028 is divided by 11129?
152
Calculate the remainder when 1037346 is divided by 518669.
8
Calculate the remainder when 22915846 is divided by 17217.
19
What is the remainder when 7365732 is divided by 167403?
0
Calculate the remainder when 177158 is divided by 1809.
1685
What is the remainder when 773281 is divided by 773257?
24
Calculate the remainder when 49614 is divided by 964.
450
What is the remainder when 2237263 is divided by 21933?
97
What is the remainder when 930770 is divided by 3767?
321
What is the remainder when 167451 is divided by 156753?
10698
Calculate the remainder when 198247 is divided by 8232.
679
What is the remainder when 2019221 is divided by 1414?
29
What is the remainder when 355616 is divided by 367?
360
What is the remainder when 30649 is divided by 7644?
73
Calculate the remainder when 23730642 is divided by 9802.
0
What is the remainder when 544499 is divided by 1284?
83
Calculate the remainder when 20628794 is divided by 1234.
16
Calculate the remainder when 2152083 is divided by 59.
58
What is the remainder when 13587778 is divided by 186132?
142
Calculate the remainder when 404654 is divided by 311.
43
Calculate the remainder when 316445 is divided by 328.
253
What is the remainder when 2473925 is divided by 1016?
981
What is the remainder when 2539055 is divided by 52?
51
Calculate the remainder when 117202 is divided by 603.
220
What is the remainder when 401112531 is divided by 186?
183
What is the remainder when 22517642 is divided by 22517618?
24
Calculate the remainder when 16485879 is divided by 23927.
176
What is the remainder when 1168293 is divided by 1494?
1479
What is the remainder when 3032218 is divided by 178365?
13
Calculate the remainder when 15487042 is divided by 703956.
10
What is the remainder when 11324801 is divided by 138?
107
What is the remainder when 1920154 is divided by 896?
26
Calculate the remainder when 1498116 is divided by 7.
4
Calculate the remainder when 27355895 is divided by 36.
35
What is the remainder when 134879 is divided by 203?
87
Calculate the remainder when 2965282 is divided by 269525.
507
Calculate the remainder when 128689 is divided by 122409.
6280
What is the remainder when 2691413 is divided by 275?
263
What is the remainder when 14304859 is divided by 14304811?
48
Calculate the remainder when 1708448 is divided by 569466.
50
What is the remainder when 75454468 is divided by 15?
13
Calculate the remainder when 9451779 is divided by 397.
3
Calculate the remainder when 4210912 is divided by 14274.
82
What is the remainder when 6082 is divided by 715?
362
What is the remainder when 5573 is divided by 480?
293
Calculate the remainder when 162224 is divided by 2846.
2
Calculate the remainder when 396765252 is divided by 56471.
6
What is the remainder when 98866 is divided by 14114?
68
Calculate the remainder when 63733629 is divided by 1957.
10
Calculate the remainder when 23275778 is divided 